4. Let u be f(-1). Let x(w) = -w**2 + 3. Let k(v) = v**2 - v - 3. Let l(t) = -6*k(t) - 5*x(t). What are the prime factors of l(u)?
2, 3
Let k be 1 + (0 - -1) + 0. Suppose 0*u = 2*u - k. Let f(n) = 12*n**2. List the prime factors of f(u).
2, 3
Suppose -469 = -5*a + 126. What are the prime factors of a?
7, 17
Let x be (-2 - -1) + 1*11. Suppose 0 = 2*k + k - 18. Let b = x - k. What are the prime factors of b?
2
Suppose 8 = 5*b - 12. Let x = b - 3. Let g = 6 - x. List the prime factors of g.
5
Let y(p) = p**3 + 6*p**2 - 8*p - 6. Let v be y(-7). What are the prime factors of (-7)/21*(v - 25)?
2
Suppose 7*u = 10*u + 15. Let l(r) = -r**3 - 5*r**2 + 3*r + 3. Let f be l(u). List the prime factors of 2/(6/9) - f.
3, 5
List the prime factors of -5*((-72)/20)/1.
2, 3
Let g be (-268)/6*(-3)/2. Suppose -4*z = -g - 29. Suppose j = -j + z. List the prime factors of j.
2, 3
Suppose -3*g + x = 2*x - 11, 4*x = -5*g + 16. Suppose 3*j - 5*u = 48, -4 = -j + g*u + 19. What are the prime factors of j?
11
Suppose -6*m + 2*m + 12 = 0. Suppose -4 + 3 = -h - m*x, 2*h - 6 = -4*x. List the prime factors of h.
7
List the prime factors of (2/(-2))/(1/(-38)).
2, 19
Let a be (-8)/(-6)*(4 - 1). Suppose -3*m + a + 14 = 0. What are the prime factors of m?
2, 3
Let o(v) = v**2 + 4*v + 20. What are the prime factors of o(0)?
2, 5
Let q(f) be the second derivative of 7*f**3/6 - 3*f**2/2 + 2*f. Let w = -5 - -7. What are the prime factors of q(w)?
11
Let b(i) = 5*i**3 + 2*i - 4. Let s(v) = 11*v**3 + 4*v - 7. Let k be 2 - 21/9*3. Let o(t) = k*b(t) + 3*s(t). List the prime factors of o(1).
3
Let p be 6/(-27) + (-14)/18. Let g = p + 9. What are the prime factors of g?
2
Suppose -5*k = -1 - 9. Suppose 6 - k = 2*u. List the prime factors of u.
2
Let x(u) = -u**3 + 9*u**2 - 7*u - 10. Let p be x(8). What are the prime factors of 1*(144/(-4))/p?
2, 3
Let r = 409 + -285. What are the prime factors of r?
2, 31
Suppose 0*g + 2*n = 3*g + 17, 1 = -3*g - 2*n. Let j = 3 - 9. Let t = g - j. What are the prime factors of t?
3
Let b(i) = i**2 - 2. Let o be b(-5). Suppose v - o + 6 = 0. What are the prime factors of v?
17
Let k = 10 + -5. Suppose 2*y = f + 7, k*y = -5*f + 2*f + 1. Suppose 0 = -3*a + 4*r + 14, 2 + y = -a - 3*r. List the prime factors of a.
2
Let n = 5 + -2. Let g = -11 + n. Let t(k) = -2*k - 12. List the prime factors of t(g).
2
Let s(k) = -k - 3. Let f be s(5). Let y = f + 11. What are the prime factors of y?
3
Suppose 4*j = -2*u + 176, 0 = -3*j - 8 - 1. Let f = -67 + u. List the prime factors of f.
3
Let t(b) = 9*b - 3. Let y = 2 + 1. Let p be t(y). Suppose -2*d + 2*u - 6 = -p, 0 = 4*u. What are the prime factors of d?
3
Suppose 0 = -4*a + a. Let o = 3 + a. Suppose -o*c - 4 = -5*t, 0 = 4*t - 2*c - c - 2. What are the prime factors of t?
2
Suppose 0 = 2*x + 2*x - 8. Let s(w) = w - 7. Let q be s(9). Suppose -x*r - q*f - 2*f = -32, 0 = -r - 5*f + 31. List the prime factors of r.
2, 3
Let r = 10 - -2. Suppose 5*y = -3*b - r + 65, 4*y + 4*b = 36. List the prime factors of y.
13
Suppose 0 = q - 1 + 5. Let c = 24 - q. What are the prime factors of c?
2, 7
Let i(a) = -3*a + 50. What are the prime factors of i(-17)?
101
Suppose 10*c = 6*c + 204. List the prime factors of c.
3, 17
Let h be 2/(-6)*(6 - 6). Let m = 5 + h. List the prime factors of m.
5
Let u = -4 - -6. Suppose -u + 10 = 2*w. Suppose 4*m = -w*o + 4, 5*o + 2*m - 6 = o. What are the prime factors of o?
2
Let o be 3 + 2/(-3)*6. Let b be (4/12)/(o/(-9)). Suppose b = -2*n + 7. List the prime factors of n.
2
Let z(f) = -f**3 + 8*f**2 - 4*f - 10. Let b be z(8). Let w = -27 - b. List the prime factors of w.
3, 5
Suppose 5*y + 4*s = 10, -4*s = 4*y - 2*s - 8. Suppose -h = y*h - 6. List the prime factors of (-1)/(h + 31/(-15)).
3, 5
Let s(a) = -2*a - 1. Let o be s(-1). Let r(k) = -4*k. Let g be r(o). Let y = 8 + g. What are the prime factors of y?
2
Let r(k) = -k**2 - 4*k. Let p be r(-3). Let a(w) = 2*w - 3. List the prime factors of a(p).
3
Suppose -a + 5*a = 588. List the prime factors of a.
3, 7
Let l be (8/(-2))/(1 + -2). Suppose 4 = l*c - k, -2*c = 2*k - 5*k + 8. Suppose n = c - 0. What are the prime factors of n?
2
List the prime factors of (-267)/(-3) + -1 + 0/(-7).
2, 11
Let r(c) = -c**2 + 6*c + 4. Let p be r(-7). Let k be (-2)/(-12) - p/18. Suppose -4 = 2*s, -k*o + 2*s + 17 = 6*s. List the prime factors of o.
5
Let f(v) = v + 5. Let x be f(-7). Let d be (-12)/2 - (x - 0). What are the prime factors of (-1)/(-2)*(-16)/d?
2
Suppose -3*s = -7*s + 4*k - 28, -3*s - 14 = 4*k. Let l = 13 + s. What are the prime factors of l?
7
Let i(p) = -p**3 - 8*p**2 - 8*p + 1. Let z = 2 + -1. Let u be -1*(-14)/(-2)*z. List the prime factors of i(u).
2
Let a(r) = -2*r + 1. Let v(i) = 5*i - 2. Let m(l) = -9*a(l) - 4*v(l). Let t be m(-2). What are the prime factors of 1 - t/(6/(-22))?
2, 3
Let r(a) = -a**3 - 12*a**2 - 14*a + 8. What are the prime factors of r(-11)?
41
Let h(x) = -100*x + 5. What are the prime factors of h(-1)?
3, 5, 7
Suppose 5*f - 2*o = 1895, 4*f + 3*o - 7*o - 1528 = 0. List the prime factors of f.
13, 29
Let a be 13*2 + 0 + 0. Suppose n = -n + a. What are the prime factors of n?
13
Suppose 3*l = -4*o + 363, 2*l = 7*l - 5. What are the prime factors of o?
2, 3, 5
What are the prime factors of 2/(18/15)*12?
2, 5
Let h be (-6)/3 + (6 - -2). Suppose 0 = -2*m + h*m - 8. Suppose 2*b = -4*z + 42, -3*z - 1 = -m*b - 3*b. What are the prime factors of z?
2
Let h = 19 - 34. Let w be (-1 - h)/(8/16). Suppose 0*v + w = 4*v + 4*g, 0 = 2*v - 4*g + 4. What are the prime factors of v?
2
Suppose 4*s + s - 125 = 0. Suppose 4*g - 33 = -a, 0*g - s = -5*g. What are the prime factors of a?
13
Let u(w) = -14*w - 24. What are the prime factors of u(-4)?
2
List the prime factors of 9/12 + 1065/20.
2, 3
Let b be 19 - (2 + 2 + -2). Suppose -5*n + 18 = -b. Let o = 16 - n. List the prime factors of o.
3
Let o(y) = 9*y**2 + 7*y + 4. What are the prime factors of o(-5)?
2, 97
Let i(z) be the first derivative of -z**2 + 7*z + 1. Let f be i(-6). Suppose -5*p - w + 38 = 0, 0 = 4*p - 5*w + 2*w - f. List the prime factors of p.
7
Let w = -6 + 8. Suppose -26 = -0*z - 2*z. Suppose 4*r - 3*j + 7 = 0, z = -r + w*j + j. List the prime factors of r.
2
Let z = -8 + 11. Suppose 0 = z*i - 40 + 10. What are the prime factors of i?
2, 5
Suppose 0 = 5*q - 4*f - 15, 0 = q - 3*f - f - 3. Suppose -w = q*w - 5*n - 5, -3*n + 4 = -w. What are the prime factors of w?
5
Let a(p) = -p**3 - 4. Let o be a(0). Let r(g) = g**2 + 2*g. Let i be r(o). Suppose 0*m - i = -2*h + m, 10 = 5*m. List the prime factors of h.
5
Let j = -6 - -10. Suppose 5*z - 10 = j*t + 70, 16 = z - 3*t. List the prime factors of z.
2
Suppose 0 = -4*o + 715 - 147. List the prime factors of o.
2, 71
Let p = 28 + 78. List the prime factors of p.
2, 53
Suppose -4*j + 54 + 42 = 0. What are the prime factors of j?
2, 3
List the prime factors of -1*-6*(-53)/(-2).
3, 53
Let n(x) = 0*x**2 + 0*x**2 + 7 + x**3 - 6*x**2. Let w = 60 - 54. List the prime factors of n(w).
7
Suppose -o - 363 = -2*y, -10*o - 180 = -y - 8*o. List the prime factors of y.
2, 7, 13
What are the prime factors of 21 - 8/(2 + 0)?
17
Let d be -1 + -13 + 5/5. Let f = d - -23. Suppose f = l + 4. List the prime factors of l.
2, 3
Suppose -100 = 3*y - 265. List the prime factors of y.
5, 11
Let n(h) = -h**2 + h + 11. List the prime factors of n(0).
11
Let o = 4 - 1. Suppose -3*p - 2*p = -c - 66, o*c = 12. List the prime factors of p.
2, 7
Suppose -4*n = -8 - 12, 5*n - 5 = 5*x. Let p = 6 - x. Suppose -p*z + 36 = -0*z. List the prime factors of z.
2, 3
Let w = 9 + -9. Let h = w + 19. List the prime factors of h.
19
Suppose 2*a = 20 - 64. List the prime factors of (-10)/(-55) - 766/a.
5, 7
Let a = 2 + -2. Suppose 0 = 3*z - 4*p - 10, 4*z + 2*p = -a*p + 28. What are the prime factors of z?
2, 3
Let x = 18 + -6. Suppose x - 51 = -3*p. What are the prime factors of p?
13
Let b(l) = l - 23. Let s = 8 - 8. Let z be b(s). What are the prime factors of 2/(z/8 + 3)?
2
Suppose -o = -4*r - 0*r + 37, -3*r + 5*o = -49. Suppose 3*g + 2 = r. Let y = 4 - g. List the prime factors of y.
2
Suppose 0 = t + 3*i + 172, -4*t + 2*i + 3*i - 620 = 0. Let o = -82 - t. List the prime factors of ((-4)/6)/((-4)/o).
13
Suppose -2*g - 2*g + 1418 = h, 1072 = 3*g + 5*h. List the prime factors of g.
2, 